 y(w) = w**3 - 7*w**2 - 5*w + 5. Let t = -69 - -71. Let g(a) = t*s(a) + y(a). What is g(6)?
-3
Let j(g) = g + 1. Let s(z) = -5. Let u(o) = 2*j(o) + s(o). Let f(c) = -c**2 - 29*c - 27. Let t be f(-25). Let x = t - 67. Calculate u(x).
9
Let s(v) = -v**3 - 6*v**2 - 2*v - 8. Let z(x) = x**3 + 19*x**2 - 19*x + 14. Let u be z(-20). What is s(u)?
4
Let w(a) be the third derivative of -a**4/3 + 2*a**3/3 + 2*a**2 - 136. Give w(3).
-20
Let u be 6/(-18)*-3*1. Let v(j) be the first derivative of 1 - u + j**2 + 3 - 2*j. Calculate v(4).
6
Let n(o) = 4*o**3 - 7*o**2 + 14*o + 13. Let p(c) = 5*c**3 - 6*c**2 + 14*c + 14. Let d(r) = -6*n(r) + 5*p(r). Give d(-13).
5
Let m = -4 + 3. Let v(o) = 2*o**2 - 3*o - 2. Let s(h) = -h**2 - h - 1. Let a(w) = 2*s(w) - v(w). Determine a(m).
-5
Suppose 5*w + 15 = 5*k, -4*k + 7 + 0 = w. Let h be k/(-1)*1/2. Let s(r) = -2*r**2 + r. Determine s(h).
-3
Let x = 20 - -14. Let i(d) = -d**3 - x + 17 - 7*d + 7*d**2 + 23. Determine i(6).
0
Let i(w) = -4*w - 4. Suppose -5 = 2*k - 1. Give i(k).
4
Let k(c) = c**2 + c + 2. Let v be (-3)/(15/7) + 9/(-15). Give k(v).
4
Let u(p) = 9*p + 1. Let f(g) = -22*g - 1. Let v(z) = f(z) + 2*u(z). Determine v(1).
-3
Suppose -n + 3*u + 14 = 3*n, 0 = -2*n + 3*u + 4. Let p(h) = 10*h - 16*h + 1 + n*h. Suppose 4*s + 6 = 5*s. Determine p(s).
-5
Let c(j) = -j**3 + 6*j**2 - 6*j - 2. Suppose -3*d = -4*d - 6. Let u = d + 11. Calculate c(u).
-7
Let t(s) = -11*s + 101. Let v be t(9). Let y(d) be the third derivative of 0 + v*d**2 - 1/24*d**4 + 0*d - 7/6*d**3. Determine y(0).
-7
Let o be (-3)/(18/(-117) + (-35)/26). Suppose o*j + 15 = 7. Let x(z) = -z**3 - 3*z**2 + 6*z + 4. Give x(j).
-4
Let u(m) = -m**2 - 6*m + 6. Let h(k) = -4*k - 40. Let b be h(-20). Let g = -45 + b. What is u(g)?
11
Let s(w) = -15*w**3 - 19*w**2 - 15*w + 15. Let u(n) = 4*n**3 + 5*n**2 + 4*n - 4. Let i = -48 - -54. Let g(j) = i*s(j) + 22*u(j). Give g(-2).
6
Let m(t) be the second derivative of -1/6*t**3 - 5/2*t**2 - 9*t + 0. Determine m(-6).
1
Let c = 34 + -33. Suppose 6*h + c + 29 = 0. Let l(p) = p**2 + p - 7. Give l(h).
13
Let p(r) be the third derivative of r**6/60 - r**5/60 - r**4/24 + r**3/6 - r**2 - 85*r. What is p(2)?
11
Let z(o) = 8*o**2 - 2*o + 1. Let v(i) = -11*i - 2. Let m be v(10). Let a = 113 + m. What is z(a)?
7
Let c(w) be the third derivative of w**6/120 - 7*w**5/30 - 5*w**4/8 + w**3 + 6*w**2 + 5*w. Calculate c(15).
6
Let n(f) = -12*f**2 + 7*f - 19. Let b(j) = 8*j**2 - 6*j + 13. Let v(p) = -7*b(p) - 5*n(p). Give v(-4).
40
Let d(a) = a**2 + a - 14. Let m(z) = z**2 - 8*z. Let c(u) = -u**3 + 6*u**2 - 2*u - 7. Let r be c(5). Let k be m(r). Determine d(k).
-14
Let l(o) = 3*o**3 - 5*o**2 - 9*o + 12. Let q(w) = 2*w**3 - 5*w**2 - 8*w + 10. Let y(k) = 3*l(k) - 4*q(k). What is y(-4)?
-8
Let u(q) = 2 + q**2 - 14*q**3 - 16*q**3 - 9*q**3 + q**2 + 38*q**3. Calculate u(4).
-30
Suppose 23*t - 3 = 22*t. Let a(q) be the first derivative of -1 + 1/3*q**t - 1/2*q**2 + q + 1/4*q**4. Calculate a(1).
2
Let p(z) be the first derivative of -3*z**2 - 2*z + 1. Give p(3).
-20
Let x(j) = -j**2 - 4*j. Let n = 9 + -13. What is x(n)?
0
Let c(v) = 2*v**3 - 1. Let n(k) = k**3 - k**2 - 7*k + 1. Let u be n(3). Determine c(u).
-17
Let a(k) be the second derivative of k**3/3 - 5*k**2/2 - 9*k. Let q be a(3). Let z(x) = -x**3 + 2*x**2. What is z(q)?
1
Let v = 73 + -37. Suppose -7*b - v = 48. Let q(z) = z + 14. Give q(b).
2
Let n(v) = 2 - 3*v - 2*v + 6*v. Suppose -10 = -218*b + 220*b. What is n(b)?
-3
Let p(c) = 0 - 14 - 4 + c. What is p(0)?
-18
Suppose 5*r + 6 = -4. Let l(p) = -17*p - 6. Let t(q) = -9*q - 3. Let n(g) = -3*l(g) + 5*t(g). What is n(r)?
-9
Let q(c) be the first derivative of -c**5/20 + c**4/12 - c**3/6 + 7*c**2 + 13*c - 8. Let i(u) be the first derivative of q(u). Determine i(0).
14
Let c(h) be the third derivative of -h**6/120 - h**5/30 + h**4/24 - h**3/2 - 672*h**2. Determine c(-3).
3
Let d be ((-416)/91 - (-8)/14) + 15. Let o(u) = u**3 - 11*u**2 - u + 11. Determine o(d).
0
Let q(n) = 5*n + 4 - 7*n + n**2 - 2*n**2 + n. Let t = 3 - 4. Let a = 1 + t. What is q(a)?
4
Suppose -4*q = 3*w - 10, 2*q + 11 = -2*w + 15. Let z(x) = x - 11. Determine z(q).
-7
Let d be (-1 - 4)*(-12)/10. Let a(c) = c**2 - 9*c + 8. What is a(d)?
-10
Let s(l) = l**3 - 8*l**2 - 5*l - 6. Let o(w) = -w**3 + 15*w**2 + 75*w + 28. Let u be o(19). Determine s(u).
30
Suppose -13*m - 12 = -17*m, 5*m + 3 = -3*v. Let r(a) = -3*a + 9. What is r(v)?
27
Let b(z) = 4*z + 11. Let j be (-3 + 10/2)*(-36)/8. Give b(j).
-25
Let b = -1684 + 1687. Let i(n) = 1 - n - n**3 + 2*n**2 + 4*n - 2*n. What is i(b)?
-5
Let h(d) = 10. Let c(o) = -2*o - 37. Let w(z) = c(z) + 4*h(z). Let s = 4 + 2. Give w(s).
-9
Let c(j) = -j**3 + 40567*j - 19 - 40583*j + 18*j**2 + 2. Give c(17).
0
Let d(l) = 4*l - 37. Let n(u) = u**3 - 14*u**2 - 27*u - 71. Let t be n(16). Calculate d(t).
-1
Suppose 0*b + 3*b = -2*p + 64, 5*b - p = 85. Let g = b - 3. Suppose -2*j - j = -g, -4*j + 20 = z. Let f(x) = x**2 + x - 12. Determine f(z).
-12
Let y(f) = 6*f - 4. Let v = -389 + 391. Give y(v).
8
Suppose 3*y + 12 = -0*y. Let q(l) be the second derivative of 0 + 1/6*l**3 - l**2 + 6*l. Calculate q(y).
-6
Suppose -13 = 4*k - 69. Let t = -24 + k. Let q(i) = 2*i + 14. Let v be q(t). Let m(l) = l**3 + 7*l**2 + 5*l + 1. Determine m(v).
7
Suppose 16 = 6*t + 4. Let d(g) = -2*g**t - 21*g - 14*g**2 + 22*g. What is d(1)?
-15
Suppose -184 = -15*w + 26. Let k(z) = z - 17. What is k(w)?
-3
Suppose 0*p = -2*p - 2. Let u(s) be the second derivative of 7*s**3/6 + s**2/2 - 3*s - 1. What is u(p)?
-6
Let h be 4/((-4)/(-3)) + (-2 - 2). Suppose r + 4*r + d - 39 = 0, 0 = 3*r + d - 23. Let f(i) = 2*i + 7 - r*i**2 - 3 - 3. Give f(h).
-9
Let j = -102 - -95. Let f(s) = s**3 - s**2 - 1. Let i(k) = 5*k**3 + 4*k**2 + 9*k + 6. Let z(w) = -4*f(w) + i(w). What is z(j)?
-4
Let s(v) = -4 - 2 + 2 + 3*v - v**2 - v**3. Let f(k) = -k + 14. Let g be f(14). Let q(i) = -i**2 - 3. Let z be q(g). Calculate s(z).
5
Let b(g) = -15*g**2 - g - 1. Let p be ((-12)/9)/((-6)/9). Let s be (p/6)/(1/(-3)). Calculate b(s).
-15
Let o(a) = -26*a**3 + a**2 - 2*a. Let f(r) = 72*r - 647. Let k be f(9). What is o(k)?
-27
Suppose 0 = -5*s - 380 + 400. Let a(t) = -t + 11. Give a(s).
7
Let c(x) = 2*x + 9. Let z(f) = f - 1. Let w(l) = -c(l) - 6*z(l). Give w(-2).
13
Let t(i) = -9*i**2 + 298*i**3 + 305*i**3 - 2 - 602*i**3 + 17*i. Determine t(6).
-8
Let d(y) = 9*y**3 - y - 1. Let s be (-4 - -2)*3/(-6). Let i be s*-1*4*7/28. Calculate d(i).
-9
Let l(d) = d**3 - 7*d**2 + 5*d + 19. Let s be l(5). Let o(h) = h**2 + 3*h - 2. Give o(s).
16
Let t(u) = -3*u + 16. Suppose 7*d + 10 = 9*d. Determine t(d).
1
Let v(p) = p**3 + 4*p**2 - 2. Suppose -4 = 4*i - 4*z, -i - 2*z = 5 - 19. Suppose -n = i*c - 1, c - 30 = -5*n + 6*c. Suppose 0 = n*d - d + 12. Give v(d).
7
Let q(j) = j**3 - 6*j**2 + 2*j. Let i(c) = c**3 + c + 2. Let k(h) = 5*h**3 + 2*h**2 + 13*h + 5. Let r(v) = -6*i(v) + k(v). Let d be r(3). Give q(d).
-15
Let t(a) = 3*a + 9. Let z be (-116)/(-36) + 6/(-27) - -55. Let j = 51 - z. Give t(j).
-12
Let w(n) = -1 - 126515*n**3 - 2*n + 1 + 126516*n**3 - 2*n**2. Give w(-3).
-39
Let d(x) = -3 - 8 - 14*x**2 - 31*x - 17*x**2 - 13*x**2 + x**3 + 30*x**2. Calculate d(16).
5
Let c(v) be the third derivative of -1/3*v**3 + 1/24*v**4 - 12*v**2 + 0*v + 0. Calculate c(7).
5
Let v(o) = -43*o**2 + 3*o - 39*o**2 + 1 - 32*o**2 + o**3 + 119*o**2. Determine v(-4).
5
Let v(a) = -29*a**2 - 1. Let i(y) = 29*y**2 + 1. Let h(x) = -6*i(x) - 5*v(x). Give h(-1).
-30
Let y(w) be the second derivative of w**6/120 - w**5/12 + w**4/8 - w**3/3 - 29*w**2/2 - 20*w. Let v(j) be the first derivative of y(j). Give v(4).
-6
Let l(f) = 11*f + 85. Let s be l(-7). Let h(d) = 2*d**3 - 6 + 7*d**2 + d**3 - 4*d**3 + 8*d. Give h(s).
-6
Let b(k) = k. Let x(f) = -f**3 - 4*f**2 - 5*f - 5. Let w(g) = -3*g**2 + 2*g - 1. Let l be w(1). Let p be x(l). What is b(p)?
-3
Suppose -191*j = -197*j. Let a(y) = 2*y - 5. Give a(j).
-5
Let g(d) = -19*d + 39. Let y(a) = 3*a - 6. Let t(b) = 6*g(b) + 39*y(b). Determine t(-2).
-6
Let b(v) = 3*v**2 + 9*v - 5. Let r(s) = -8*s**2 - 18*s + 8. Let j(z) = 5*b(z) + 2*r(z). Determine j(10).
-19
Let q(y) be the first derivative of y**2/2 - 6*y + 57. Let p(i) = -2*i + 5. Let l be p(6). What is q(l)?
-13
Let j be 6 + (0/2 - 3). Suppose -j*t - 63 + 27 = 